 common factor of m and k.
14
Suppose 0 = b - 2*b. Suppose -q + 20 = -b*q. What is the greatest common factor of q and 100?
20
Suppose 0 = 4*f + 18 + 2, -f - 5 = -3*t. Suppose 3*l - 4*l - 79 = -4*r, -4*r + 5*l + 75 = t. Let p = 47 + 133. What is the highest common factor of p and r?
20
Let b(n) = 2*n + 62. Let h be b(-14). What is the greatest common factor of h and 51?
17
Suppose 367 = -18*u + 1105. What is the greatest common factor of 451 and u?
41
Let s(y) = -y**2 - 8*y - 4. Let h be s(-5). Let c be (30/(-75))/(6/(-15)). What is the highest common factor of h and c?
1
Suppose -4*c + 16 = 3*l, 5*c = -2*l + l + 31. What is the greatest common factor of c and 7?
7
Let t be (-26)/10 - (-6)/10. Let a be 3/(-2)*(-1 + -1). Let q be a/(-4)*t*60. Calculate the greatest common divisor of q and 36.
18
Let r(i) = -10 - i**2 + 8 + 2*i**2 + i. Let q be r(3). Calculate the highest common divisor of 4 and q.
2
Suppose -36 = 3*a + a. Let k = 32 + a. Calculate the highest common factor of k and 23.
23
Let u be (1 - -1) + (-6)/1. Let m be 0*u/(-12) + 48. What is the greatest common factor of m and 16?
16
Let z be (1 - 7)*(-5)/15. Suppose 0 = 3*v + 5*s - 61, -z = -4*s + 6. Calculate the greatest common divisor of 85 and v.
17
Let n(v) = 2*v**2 + 8*v - 5. Let h be ((-60)/(-14) + 0)*7. Suppose 0 = 5*s - 0*s + h. Let i be n(s). What is the highest common factor of i and 57?
19
Let s be 10/(-9)*3*-6. Let w = -26 + 46. Calculate the greatest common factor of w and s.
20
Let w(i) = -i**2 + 10*i - 6. Let r = 15 + -8. Let o be w(r). What is the greatest common factor of 15 and o?
15
Let z = 185 - 125. Let v = z - -330. Suppose -114 = -t + 4*x + x, -4*t = 2*x - v. What is the greatest common divisor of t and 9?
9
Suppose 0 = -4*u + 3 + 1. Suppose -2*p + 0*p + 4 = 0, 5*p - 10 = -2*z. Let x = u - z. What is the greatest common factor of 1 and x?
1
Let q be (1 - 5)*(-90)/(-8). Let w = 21 - q. Calculate the greatest common factor of w and 6.
6
Let t = -86 - -137. Calculate the greatest common factor of 51 and t.
51
Suppose -g = 2*g + 6. Let t(l) = -3*l - 4. Let r be t(g). Calculate the greatest common factor of r and 6.
2
Let k(j) = -3*j. Let o be k(-13). Calculate the highest common factor of 13 and o.
13
Let q(g) = -g**3 + 15*g**2 - 9*g - 10. Let l be q(14). Calculate the greatest common divisor of 40 and l.
20
Let v = -120 - -176. Let g = 1 + 13. Calculate the greatest common divisor of v and g.
14
Let y be ((-2)/(-4))/(3/90). Let n = -3 - -7. Suppose s = -n*i + 40, 0*s - s + 30 = 3*i. Calculate the greatest common factor of i and y.
5
Let f be 2/6*(5 - -28). Suppose -4 = -3*s + f. Suppose -s*z + 36 + 24 = 0. What is the highest common divisor of 60 and z?
12
Let j be (2/(-4))/(9/(-1080)). Suppose -5*k = 5*v - j, k = 4*v - 2*k - 76. Calculate the greatest common divisor of 40 and v.
8
Let k(z) be the first derivative of -z**3/3 - 7*z**2/2 + 6*z - 2. Let c be k(-7). What is the greatest common divisor of c and 54?
6
Let a be 2*(4/(-1))/(-2). Let k be 29/3 - a/6. Suppose -2*m + 0*m + 2 = 0. What is the highest common divisor of k and m?
1
Let r be 50/(-15)*(-36)/15. Calculate the greatest common factor of 32 and r.
8
Suppose 4*o = 3*i + 13, -4*o - o - 10 = 0. Let j be (-5)/(5/i) - -1. Calculate the greatest common factor of j and 20.
4
Let m(n) = 4*n + 7. Let v be m(2). What is the greatest common factor of 45 and v?
15
Suppose 10 = a - 6. Suppose 4*q - 4*m + 5*m = 272, a = -4*m. Let j = q + 48. What is the highest common divisor of 13 and j?
13
Suppose 0 = -4*n + 31 + 197. What is the highest common factor of 19 and n?
19
Let q be ((-177 + 0)/3)/(-1). Suppose -4*v - 19 + q = 0. Calculate the highest common divisor of v and 10.
10
Let i be 2/(-2) - (2 + -5). Suppose -3*a - 2*m + 208 = 0, 0 = -i*a + 3*m + m + 112. What is the highest common divisor of 6 and a?
6
Let o(p) = 21*p - 3. Let q be o(4). Suppose 0 = -5*a + 17 + 3. Suppose -2*m - t = -21, 0*t - 45 = -a*m - 3*t. Calculate the greatest common factor of q and m.
9
Let a = -23 + 25. Let h(x) = 11*x**2 - x - 2. Let w be h(a). What is the greatest common factor of 5 and w?
5
Let s be 2 - -1 - (-10 - (-4)/4). Let a be 0 + 6/(0 - -1). Calculate the highest common factor of a and s.
6
Let n = 26 + 62. Let x = -1 - -9. What is the greatest common factor of n and x?
8
Suppose c + 4*c = -65. Let h = c + 23. What is the greatest common divisor of h and 25?
5
Let d(m) = m**2. Let n = -9 - -8. Let k be d(n). Let g be -6*((-14)/4 + k). What is the highest common factor of 105 and g?
15
Let p be ((3 - 7) + 2)*2. Let t be 36 + 0 + p/2. Suppose -2*k + t = -36. What is the greatest common factor of 14 and k?
7
Let s = -46 - -22. Let d = s + 38. Suppose -235 + 60 = -5*b. Calculate the highest common factor of d and b.
7
Suppose -9*k + 11*k - 26 = 0. What is the greatest common factor of k and 117?
13
Let a be -3 + 5 + 2 + 0. Suppose -a*u + 11 + 74 = -m, -3*m = -2*u + 55. What is the highest common factor of u and 50?
10
Suppose m - 6 = -2. Suppose -5*k + 1 = -w, -m*w + 11 = -k - w. What is the highest common divisor of 7 and k?
1
Let l(m) = -m**2 + 10*m - 5. Let r be l(10). Let n = 8 - r. Calculate the highest common factor of 91 and n.
13
Suppose -4*y = -94 - 862. Let l = y + -83. Let h = l + -100. Calculate the greatest common factor of 8 and h.
8
Let o be (-12 + 9)*20/(-3). Suppose 0 = 2*t + 6 - o. Calculate the greatest common factor of 63 and t.
7
Let d(q) = 55*q**2 - q. Let z be d(-1). Calculate the greatest common divisor of 7 and z.
7
Suppose 0 = 5*p - 3*n + 15, -15 - 5 = -2*p - 4*n. Suppose -s + 4*v = -p*s + 5, -4 = -v. Calculate the highest common divisor of 22 and s.
11
Let k be (-1)/2*-68 + (-5 - -4). Calculate the highest common divisor of 66 and k.
33
Let h(c) = c - 3. Let d(u) = -u**3 - 8*u**2 - 9*u - 5. Let i be d(-7). Let z be h(i). What is the highest common factor of 30 and z?
6
Let i be -2*((-1)/2)/((-2)/(-4)). Let q(x) = -x**2 - 6*x + 6. Let g be q(-6). Calculate the greatest common factor of i and g.
2
Suppose -4*c + 34 + 6 = 0. Suppose 16 = b - c. Calculate the highest common factor of 104 and b.
26
Suppose 4*j + 5 = 17. Suppose 0 = -i - j*i. Suppose -3*m = -i*m - 21. What is the highest common divisor of m and 1?
1
Let o(h) = -h**3 - h**2 - 5*h + 2. Let x be o(-4). Let s = 14 - 4. Calculate the greatest common factor of x and s.
10
Let a(v) = 2*v**2 + 32*v. Let q be a(-17). Calculate the highest common factor of q and 17.
17
Let p = 4 + 0. Let v(o) = o**3 - 4*o**2 - o. Let m be v(5). Calculate the highest common divisor of m and p.
4
Let t be (1 + 116/10)*5. What is the greatest common divisor of 21 and t?
21
Let s be (-34)/(-10) + 2/(-5). Let f(t) = 0*t + 9 + t - t - 2*t. Let a be f(-9). What is the highest common factor of a and s?
3
Let r(j) = -5*j - 5. Let n be r(-4). Suppose -3 = -d + 4*d. Let w be (1 - d)/(14/525). Calculate the highest common factor of n and w.
15
Suppose -6*w = -2*w. Suppose -2*o = -w*o - 24. Calculate the greatest common factor of 3 and o.
3
Let z be ((-12)/(-18))/((-4)/(-84)). What is the greatest common divisor of z and 98?
14
Let m = -52 + 100. Suppose m = 2*v + v. Calculate the highest common factor of v and 16.
16
Let d(z) = -2*z + 2. Let i be d(-4). Suppose 40 = 2*j - 20. Calculate the greatest common divisor of i and j.
10
Suppose -26*o = -22*o - 140. Calculate the greatest common divisor of 5 and o.
5
Let y be ((-192)/(-72))/(2/6*1). Calculate the highest common divisor of 12 and y.
4
Suppose -4*m = 3*z - 56, -2*z + 100 = 3*z + 5*m. Calculate the highest common divisor of z and 60.
12
Suppose 5*s + 104 = 4*y + s, s + 146 = 5*y. Suppose b = -2*b + y. Let h = 52 + -37. Calculate the greatest common factor of h and b.
5
Suppose u + 3*l = -32 - 58, -4*u + 5*l = 275. Let n = -47 - u. Calculate the highest common divisor of n and 4.
4
Let k be (-24)/16*4/(-3). Suppose k*n + 4 = g - 1, 15 = 3*g - n. Calculate the greatest common factor of g and 40.
5
Suppose c = -c + 8. Suppose c*b - 31 = -7. Let q(y) = y**3 + 5*y**2 + 5*y + 6. Let k be q(-4). Calculate the highest common divisor of b and k.
2
Let b be ((-12)/(-8))/((-1)/(-30)) - 3. Suppose 2*a - 19 = 9. Calculate the highest common divisor of a and b.
14
Let p(d) = d**3 + 8*d**2 + 6*d - 4. Let b be p(-7). Calculate the highest 